2523?
2
What is the thousands digit of 330523031?
3
What is the hundred millions digit of 1446680771?
4
What is the hundreds digit of 92600765?
7
What is the ten millions digit of 591786803?
9
What is the hundreds digit of 36049389?
3
What is the hundred millions digit of 252076724?
2
What is the hundred millions digit of 1498878506?
4
What is the millions digit of 290241603?
0
What is the millions digit of 146262974?
6
What is the hundred thousands digit of 559872320?
8
What is the units digit of 68400574?
4
What is the millions digit of 419065640?
9
What is the hundreds digit of 88689298?
2
What is the hundreds digit of 2002039?
0
What is the ten millions digit of 60953348?
6
What is the ten millions digit of 151684784?
5
What is the hundreds digit of 356774560?
5
What is the thousands digit of 177211218?
1
What is the hundreds digit of 282511687?
6
What is the units digit of 538231785?
5
What is the millions digit of 100852414?
0
What is the ten thousands digit of 981833878?
3
What is the thousands digit of 18170066?
0
What is the units digit of 133571740?
0
What is the thousands digit of 665023433?
3
What is the tens digit of 118216873?
7
What is the billions digit of 3592485347?
3
What is the thousands digit of 8356501?
6
What is the ten thousands digit of 199246665?
4
What is the hundred thousands digit of 2713664287?
6
What is the units digit of 2126520519?
9
What is the hundreds digit of 148205695?
6
What is the hundred thousands digit of 76232567?
2
What is the millions digit of 1222534806?
2
What is the millions digit of 21838790?
1
What is the hundreds digit of 1128478186?
1
What is the billions digit of 4394890175?
4
What is the ten thousands digit of 16169957?
6
What is the hundred thousands digit of 63776425?
7
What is the millions digit of 1808020?
1
What is the hundreds digit of 40062099?
0
What is the tens digit of 2189671238?
3
What is the tens digit of 253538145?
4
What is the ten millions digit of 19649629?
1
What is the ten millions digit of 35203454?
3
What is the millions digit of 74647958?
4
What is the units digit of 71948469?
9
What is the ten millions digit of 62292660?
6
What is the tens digit of 164418069?
6
What is the units digit of 1606097696?
6
What is the tens digit of 1558612642?
4
What is the ten millions digit of 783258238?
8
What is the hundred thousands digit of 430564597?
5
What is the thousands digit of 228643968?
3
What is the ten thousands digit of 362850075?
5
What is the tens digit of 45085357?
5
What is the tens digit of 7050378?
7
What is the units digit of 517336938?
8
What is the tens digit of 44680906?
0
What is the ten thousands digit of 62774354?
7
What is the millions digit of 1245608526?
5
What is the hundreds digit of 159929826?
8
What is the ten thousands digit of 113123578?
2
What is the ten thousands digit of 60898522?
9
What is the millions digit of 97050450?
7
What is the hundreds digit of 492185670?
6
What is the millions digit of 53624229?
3
What is the thousands digit of 141771635?
1
What is the millions digit of 39203223?
9
What is the tens digit of 1013632078?
7
What is the thousands digit of 117788458?
8
What is the ten millions digit of 399085724?
9
What is the hundred millions digit of 124868366?
1
What is the hundred thousands digit of 145067610?
0
What is the ten millions digit of 594321415?
9
What is the hundreds digit of 467891808?
8
What is the ten millions digit of 147148512?
4
What is the thousands digit of 1727201?
7
What is the hundred thousands digit of 35171950?
1
What is the millions digit of 20330409?
0
What is the thousands digit of 73386507?
6
What is the hundred thousands digit of 73570066?
5
What is the ten thousands digit of 1357191933?
9
What is the hundreds digit of 29225797?
7
What is the tens digit of 474198151?
5
What is the ten thousands digit of 46639478?
3
What is the hundreds digit of 426514887?
8
What is the tens digit of 22859086?
8
What is the units digit of 4823453?
3
What is the tens digit of 38760528?
2
What is the ten thousands digit of 72253439?
5
What is the tens digit of 101148926?
2
What is the hundreds digit of 502105339?
3
What is the hundred thousands digit of 137491598?
4
What is the hundred thousands digit of 225124278?
1
What is the ten thousands digit of 174806246?
0
What is the tens digit of 6065793722?
2
What is the millions digit of 1093146569?
3
What is the ten millions digit of 32701921?
3
What is the hundreds digit of 1481668785?
7
What is the tens digit of 35507951?
5
What is the thousands digit of 148039639?
9
What is the hundreds digit of 330171270?
2
What is the units digit of 404919553?
3
What is the hundred thousands digit of 37696444?
6
What is the thousands digit of 90129575?
9
What is the hundreds digit of 93449475?
4
What is the ten thousands digit of 2031210585?
1
What is the hundred millions digit of 121846254?
1
What is the ten thousands digit of 3212565745?
6
What is the hundreds digit of 65680344?
3
What is the ten thousands digit of 35585306?
8
What is the millions digit of 5940475?
5
What is the millions digit of 1532843523?
2
What is the tens digit of 1815949343?
4
What is the hundred thousands digit of 1233701428?
7
What is the hundred millions digit of 426194936?
4
What is the hundred thousands digit of 144748331?
7
What is the hundreds digit of 246487612?
6
What is the ten millions digit of 315930018?
1
What is the millions digit of 38321990?
8
What is the ten millions digit of 423978708?
2
What is the thousands digit of 2600608258?
8
What is the thousands digit of 49041943?
1
What is the ten millions digit of 3560963742?
6
What is the units digit of 7676458?
8
What is the ten millions digit of 113132939?
1
What is the ten thousands digit of 392295825?
9
What is the tens digit of 2198368503?
0
What is the tens digit of 796005292?
9
What is the hundreds digit of 431574894?
8
What is the hundred millions digit of 268906307?
2
What is the ten millions digit of 51494246?
5
What is the ten thousands digit of 216619943?
1
What is the hundred millions digit of 419495146?
4
What is the hundreds digit of 1866010136?
1
What is the hundreds digit of 1010965609?
6
What is the thousands digit of 174890496?
0
What is the hundred thousands digit of 1962936493?
9
What is the hundred thousands digit of 1773342466?
3
What is the thousands digit of 37517712?
7
What is the thousands digit of 509967335?
7
What is the units digit of 71450536?
6
What is the thousands digit of 1019793652?
3
What is the tens digit of 5327784809?
0
What is the ten thousands digit of 82546142?
4
What is the tens digit of 1478839121?
2
What is the thousands digit of 2583460668?
0
What is the ten thousands digit of 2960547067?
4
What is the ten thousands digit of 38188909?
8
What is the thousands digit of 109391631?
1
What is the hundreds digit of 6922748?
7
What is the ten thousands digit of 22836087?
3
What is the tens digit of 1761527419?
1
What is the ten millions digit of 151249126?
5
What is the hundred millions digit of 258490234?
2
What is the hundred thousands digit of 3639723?
6
What is the tens digit of 191513222?
2
What is the units digit of 502020885?
5
What is the ten thousands digit of 64653416?
5
What is the thousands digit of 314793611?
3
What is the hundred millions digit of 2269428208?
2
What is the hundred thousands digit of 10644242?
6
What is the hundred thousands digit of 138907065?
9
What is the hundred thousands digit of 714479622?
4
What is the millions digit of 200440638?
0
What is the ten millions digit of 2593651698?
9
What is the billions digit of 3043449487?
3
What is the hundred thousands digit of 775711968?
7
What is the thousands digit of 286040064?
0
What is the ten thousands digit of 2421039276?
3
What is the ten thousands digit of 211289000?
8
What is the thousands digit of 267439478?
9
What is the units digit of 9201722?
2
What is the ten millions digit of 128169467?
2
What is the thousands digit of 32263275?
3
What is the millions digit of 89644120?
9
What is the hundred thousands digit of 4472341093?
3
What is the millions digit of 34306592?
4
What is the hundred millions digit of 136751127?
1
What is the hundred thousands digit of 185272968?
2
What is the hundreds digit of 3057742164?
1
What is the hundred